9. Let p be j(6). Calculate o(p).
1
Let w(a) = -3*a**2 - 7*a + 17. Let c(t) be the first derivative of -5*t**2 - 2 + 26*t - 4/3*t**3. Let r(o) = 5*c(o) - 7*w(o). Give r(0).
11
Let r(q) = q**2 + 22*q + 42. Let w be r(-20). Let c(f) = 4*f + w*f - 7*f + 3*f - 4*f + 8. Give c(9).
-10
Let j(l) = l**2 - 4*l + 4. Let c be j(3). Let d(t) = 10*t**2 + 16*t + 19. Let y(g) = -8*g**2 - 3*g - 4. Let p(h) = d(h) + 5*y(h). What is p(c)?
-30
Suppose 25 = -5*r, 5*r + 39 = 4*w + 2*r. Let j(x) = 8*x - 7. Let a(u) = u - 2. Let h(g) = w*a(g) - j(g). What is h(-7)?
9
Let p(j) = -j**2 + 7*j - 9. Let s(q) = q**3 - 7*q**2 - 2*q - 23. Let v be s(6). Let f = v + 77. Give p(f).
-3
Suppose i - 2*t + 12 = 0, -24 = 4*i - i - 3*t. Let j = 71 + -69. Let p(r) = -5*r - 6*r**j - 12*r**2 + 25*r**2 - 8*r**2. Give p(i).
4
Let c = 280 - 277. Let f(a) = 31*a - 4*a**2 - 26*a + 20*a**c - 19*a**3 + 0*a**2. Calculate f(4).
20
Let h(i) = 2*i**2 + 3332 + 3337 - 7*i + 3*i**3 - 6669 - 2*i**3. Calculate h(-3).
12
Suppose 194 = 3*k + 3*m - 280, m = -2*k + 314. Let s(h) = 6*h + 311*h**2 - 156*h**2 - 4 - k*h**2. What is s(6)?
-4
Let k(x) = -248 - 84 + 70 - 11*x. What is k(-25)?
13
Let t(m) = -m**2 - 13*m + 16. Let h(w) = -w**3 + 17*w**2 - 14*w - 33. Let n be h(16). Let k be 4 - (20 + n + 0). Calculate t(k).
-14
Let z(o) = 7*o - 13. Suppose 0 = 4*k - 3*c - 12, -5*k + 2*c - c = -15. Calculate z(k).
8
Let g(d) = d + 50*d**3 + 0*d**3 - 11*d**3 - d**2 - 1 - 20*d**3. Give g(1).
18
Let y(f) = -f. Let l(h) = 2*h + 3. Let s(a) = l(a) - 4*y(a). Suppose -23*i - 144 = 13*i. What is s(i)?
-21
Let h be 0 + (5/(-2))/((-31)/(-124)). Let s(c) = c**2 + 8*c + 6. Determine s(h).
26
Let u(s) = s**3 - 5*s**2 - s + 2. Let o = -42 + 46. Suppose 0 = 3*l + o*i - 28, 0 = -5*l + 2*i - 4 + 16. Give u(l).
-18
Let x = 8 - 18. Let b be 50/x*((0 - -2) + -1). Let w(t) = -t**3 - 6*t**2 - t + 1. What is w(b)?
-19
Suppose -d - 145 = -j - 2*d, 570 = 4*j + 2*d. Let h(t) = 22*t - 2 - 14*t + 139*t**2 - j*t**2. Determine h(7).
5
Suppose -23*t = -20*t - 402. Let o = 140 - t. Let g(q) = -2*q + 7. Let p(j) = j - 3. Let r(s) = -2*g(s) - 5*p(s). Give r(o).
-5
Let u(r) be the second derivative of -r**5/60 + 5*r**3/6 + 87*r**2/2 - r + 5. Let n(l) be the first derivative of u(l). Calculate n(0).
5
Let s(y) = 3*y**2 - 2*y + 3. Suppose 0 = 4*x - w - 13, w = -175*x + 172*x + 15. Determine s(x).
43
Let d = -49 + 50. Let z(o) = 13*o - 3. Let c(y) = -6*y + 1. Let n(q) = 5*c(q) + 2*z(q). Calculate n(d).
-5
Let o(d) = -29*d - 3. Suppose w + 67*w = -68. Determine o(w).
26
Let g(r) = -r - 15. Let h(o) = -17*o**2 - 3*o + 4. Let f be (0 - -1)/(-3 + (3 - -1)). Let y be h(f). What is g(y)?
1
Suppose 41*j = 46*j - 5. Suppose -65 = -m + j. Suppose 11*y + 0*y + m = 0. Let x(h) = h - 1. What is x(y)?
-7
Let k be 3 + 2 - 3 - 1. Let z be (283/1)/(k/1)*1. Let s(a) = -z*a + 283*a - 1 - 14*a**3. Give s(1).
-15
Let b = 217 + -213. Let l(a) = 6*a - 4 + a**3 - b*a**2 - 8*a - 1 + 4 - 3. Give l(4).
-12
Let g(m) = -365*m - 25 + 364*m + m**2 - 6*m. Calculate g(9).
-7
Let f(p) = 9456*p**2 - 4730*p**2 + 32 - 16*p - 4729*p**2. Calculate f(-7).
-3
Let g(s) = 5*s**2 + 3*s + 3. Suppose 87*c + 92 = -82. Calculate g(c).
17
Let p(k) = -k**3 + 12*k**2 - 13*k + 16. Let o(v) = v**2 - 5 + 29 - 9 - 6 - 8. Let m(i) = 5*o(i) - p(i). Determine m(5).
4
Let k = -758 + 787. Let a(m) = -m**3 + 27*m**2 + 58*m - 1. Let p be a(k). Let b(f) = 6*f**3 + f**2 + f. What is b(p)?
-6
Let z(a) = -a**3 - 11*a**2 + 30*a + 52. Let j be z(-13). Let r(f) = 2*f**3 + 2*f + 4. Determine r(j).
4
Let i(d) = d**2 + 263*d + 3724. Let f be i(-15). Let b(w) = -w**2 - 34*w + 143. Calculate b(f).
-9
Let o = 24679 + -24681. Let d(r) = 0*r**2 - 1 - 1 + r**2 + 3*r. Give d(o).
-4
Let z(q) = q**2 + q - 7. Let b(t) = -5*t**2 + 14*t + 65. Let x(o) = b(o) + 6*z(o). Calculate x(-18).
-13
Suppose -28*p = -6*p + 19*p. Let w(n) be the third derivative of 0 - 1/6*n**3 + 20*n**2 + 1/12*n**4 + p*n. Determine w(0).
-1
Let u(d) = d**3 + d**2 - d. Let v(q) = q**3 + 7*q**2 - q - 6. Let t be v(-7). Let l(c) = c**2 - 11*c + 15. Let h be l(10). Suppose t - 6 = -h*f. Give u(f).
1
Let a(u) = -4 - 1 + 2*u - 7*u + 4*u. Let n = -24 - -19. Give a(n).
0
Let d(n) = -3*n**2 + 9*n. Let m(l) = 11*l**2 - 136*l - 470. Let z(f) = 4*d(f) + m(f). What is z(-5)?
5
Let g be (-2)/3 + 17/3. Let s(k) be the second derivative of 245*k + 0 + 1/12*k**4 - 7/6*k**3 + 0*k**2. Give s(g).
-10
Let r(a) be the second derivative of a**5/20 + 17*a**4/12 - 37*a**3/6 + 9*a**2 + 1094*a. Give r(-19).
-1
Let t(o) = -6*o + 1. Let m(s) = -s**3 + 4*s**2 + 19*s + 3. Let h be m(6). Let b = -43 + h. Calculate t(b).
-11
Let b(x) = -3*x**3 - x**2 + 7*x + 3. Let h(y) = -y**3 + 38*y**2 + 56*y + 963. Let z be h(40). Determine b(z).
-66
Let w(d) = -d**3 - 12*d**2 - 20*d + 7. Suppose -459*i - 600 = -399*i. Determine w(i).
7
Let q = -370 - -370. Suppose q = -j + 3*v - 20, j + 2*v = v. Let b(l) = l**2 + 7*l + 6. Determine b(j).
-4
Let a(y) = -y**3 - y**2 - y. Let r = -61 - -69. Suppose 3 = 5*g - 3*o, -4*g + 2*o = -r*g - 2. Suppose 5*d = 2*z + d - 20, g = 3*d + 15. Give a(z).
0
Let b(x) = 604*x - 13862. Let w be b(23). Let t(f) = 10*f - 283. Calculate t(w).
17
Let g(z) be the second derivative of 7*z**2 - 1/12*z**4 - 1/6*z**3 + 0 + 20*z. Give g(0).
14
Let g(n) = 17*n - 10. Let t be (10/(-7))/((-40)/140). Give g(t).
75
Let t(j) = j**3 - 1 - 200849*j + j**2 + 200834*j + 5*j**2. Determine t(-8).
-9
Let n(u) = -u**3 - 4*u**2 - 3*u. Suppose -s - 5*q + 20 = -6*s, 5*s - 4*q + 17 = 0. Let v(h) = -h + 3. Let d be v(s). Suppose -6*x - d = 8. Determine n(x).
-2
Let k(g) = 2*g + 10. Let d(m) = -m**2 + 26*m + 226. Let h be d(33). Determine k(h).
0
Let n(k) = 7*k**3 + k**2 + 3*k + 7. Let a be n(-3). Let z = 174 + a. Let c(f) = f**3 + 8*f**2 + 2*f + 9. What is c(z)?
-7
Let n(i) be the second derivative of i**5/20 + 19*i**4/12 - 23*i**3/3 - 15*i**2 - i + 110. Give n(-21).
54
Let j(q) be the third derivative of q**4/24 + 3*q**3/2 + 166*q**2 - 3*q + 4. What is j(-11)?
-2
Let j(l) = 6*l + 4. Suppose 22 = 2*t + 12. Let d be 0/(-1) - (t + -8)*1. Determine j(d).
22
Let y(k) = -k + 1. Let t be y(-1). Let z(f) = 3 - f**t - 36*f + 37*f + 0. Calculate z(0).
3
Let c(a) = 246*a - 72*a - 160 - 77*a - 81*a + 36. Determine c(8).
4
Let b(c) be the third derivative of -c**4/3 + c**3/6 + 288*c**2. Give b(3).
-23
Let l(s) = s**3 + 5*s**2 + 5*s + 3. Let g = -5 + 12. Suppose -4 = g*j + 17. Determine l(j).
6
Let v(r) = -3*r**3 - 12*r**2 - 6*r - 4. Let z(x) = -7*x**3 - 27*x**2 - 12*x - 7. Let d(u) = 5*v(u) - 2*z(u). Determine d(-5).
-1
Let z = -5189 - -5193. Let n(w) be the third derivative of 0 - 1/3*w**3 + 0*w - 7/24*w**z - 2*w**2. Calculate n(-2).
12
Let x = -384 - -164. Let o = -233 - x. Let u(a) = a**3 + 14*a**2 + 12*a - 18. Give u(o).
-5
Suppose 14*l + 386 = -2344. Let x = l + 196. Let s(j) = 7*j. Calculate s(x).
7
Let w(v) = -223*v**2 - 29*v - 29. Let x(j) = 191*j**2 + 27*j + 27. Let y(t) = 6*w(t) + 7*x(t). Let c = -22 + 38. Determine y(c).
-1
Let u = 258 + -259. Suppose 3*a - 4*a = 2. Let v(h) = -6*h - 2. Let x(t) = -t + 1. Let j(i) = a*x(i) - v(i). What is j(u)?
-8
Let n(r) = -4 - 9 - 4*r + 4 - 13. Determine n(-7).
6
Let s(r) be the third derivative of 79*r**4/24 - 2*r**3 - 9270*r**2. Give s(1).
67
Let k(n) = -n**3 + 9*n**2 + n + 3. Suppose -4*b = 5*s - 47, 128*s = 5*b + 132*s - 52. Give k(b).
75
Let b(n) = n**2 + 4*n + 4. Suppose -5*x - 41 - 6 = -3*z, 4*z = -3*x + 111. Let g be (30/25)/((-959)/105 - -9). Let v be (-6)/((-4)/z*g). Give b(v).
4
Let o be 3322/1510 + 8*3/30. Let x(z) = -9*z. Calculate x(o).
-27
Suppose 17*o - 18*o + d + 3 = 0, -4*o - 3*d = -5. Let a(p) be the third derivative of -1/24*p**4 + 0*p + 0 - 1/3*p**3 - 9*p**o. Determine a(-2).
0
Suppose 159*u = 155*u + o + 5, -o = 5. Let r(g) = 2*g. Determine r(u).
0
Let x(z) = 12*z + 14. Let v be (1/8*-4 - 0/4)*10. What is x(v)?
-46
Let s = -99 - -120. Let p(w) = -14*w + 3*w + 11 + 9 - s. What is p(2)?
-23
Let x(s) = -2*s + 29. Let w be x(-15). Let i = 66 - w. Suppose i - 23 = -8*r. Let d(y) = -2*y**2 + y. What is d(r)?
-6
Suppose 4*m + 6*m = 5*m. Let l(p) = -7 + 8*p - 9*p + 0 + m. Suppose 3*a = 2*a. Give l(a).
-7
Let y = -937 - -935. Let m(d) = -16*d - 9. Give m(y).
23
Let j(d) = 19 + d**3 - 7*d**2 + 7*d - 35 + 20. Let z be j(6). Let w(k) = 3*k + 4 - k + z*k**2 